factors of w?
76423
Let z = -2648 - -5595. Suppose -30*m + 14183 + z = 0. List the prime factors of m.
571
Suppose -3*z + 3*c + 42 = -6, 5*z - 104 = -c. Suppose z*a - 9*a = 4400. What are the prime factors of a?
2, 5
Let t = 2313 - -2518. List the prime factors of t.
4831
Let g = 2235 - 2233. Let z = 5 - 2. Suppose g*d + 2*d + 317 = z*j, 4*j - 422 = 5*d. List the prime factors of j.
103
Let i(q) = 266*q**2 + 2*q + 2. Let c be i(-1). Suppose -970 = -268*b + c*b. List the prime factors of b.
5, 97
Let w = 7 - -16. Suppose w = 4*f + 7. Suppose -f*x = -84 - 60. What are the prime factors of x?
2, 3
Let c(s) = -18*s**3 + 10*s**2 + 2*s + 5. Let y be c(-4). Suppose -27*a + 662 = -y. What are the prime factors of a?
73
Suppose 2*u = -8*u + 448410. Suppose 13*w - u - 2505 = 0. List the prime factors of 2/(-5) - w/(-30).
11
Suppose 2*k = 5*i + 63409, -5*k + 155442 + 2965 = 4*i. List the prime factors of k.
31687
Suppose 2*d - 2*w + 85 - 355 = 0, 5*d = 3*w + 667. Suppose 3*n = 1793 - d. List the prime factors of n.
2, 277
Let o = 99 - 82. Suppose -o*m + 294 + 879 = 0. Let v = -48 + m. What are the prime factors of v?
3, 7
Suppose 0 = -2*m - 5*k + 35407, 91*m - 96*m + 88509 = 4*k. List the prime factors of m.
31, 571
Let g(z) = 46*z**2 + 119*z + 1792. What are the prime factors of g(-39)?
41, 1637
Suppose -12*y = -64*y + 125320. List the prime factors of y.
2, 5, 241
Let y = -1383 - -14166. List the prime factors of y.
3, 4261
Let p(m) = -2*m**2 + 2*m - 8. Let w be p(4). Let d = w - -49. Suppose -d*t + 95 = -12*t. What are the prime factors of t?
19
Let w = 110828 - 60873. What are the prime factors of w?
5, 97, 103
Let d be 3 + (-26)/8 + 173/4. Suppose 3*o + 32 = -5*c - d, -4*c - 28 = -4*o. What are the prime factors of 902/132 - (1 - (-14)/c)?
7
What are the prime factors of ((-4832847)/305)/((-3)/5) - 0/(-2)?
3, 8803
What are the prime factors of 1/(-16 - 594738/(-37170))?
5, 7, 59
Let j = 961 + 2198. List the prime factors of j.
3, 13
Let j(z) = z**3 - 6*z**2 + 9*z + 3. Let q be -1 + ((-12)/(-24) - (-5)/(-2)). Let s be 1/q - -32*3/18. List the prime factors of j(s).
23
Let r = -119 + 123. Suppose 4*v - 607 = w, 2*w + 297 = r*v - 309. What are the prime factors of v?
2, 19
Suppose -3*l + 13 = n, 4*l - 26 + 6 = 0. Let i(f) = -73*f**3 + 2*f**2 + 7*f + 5. List the prime factors of i(n).
11, 53
What are the prime factors of (633/14 - 16/(-56))/((-5)/(-1920))?
2, 3, 7, 13
Let o = -281 + 348. Suppose -4*s - 18 = 2*g, 5*g = -4*s - 14 - 7. List the prime factors of o + 1 + -3 + g.
2
Let l(n) = 26*n - 981. List the prime factors of l(44).
163
Let o = 11 + 53. Let c = 76 - o. Let m(v) = -v**3 + 14*v**2 - 15*v + 33. List the prime factors of m(c).
3, 47
Let w(d) = -96*d**3 - 3*d**2 - 6*d - 5. Let k be w(-2). Let v = k + -255. List the prime factors of v.
2, 127
Let z = 11417 + -6925. List the prime factors of z.
2, 1123
Let q(c) = 656*c - 826. What are the prime factors of q(9)?
2, 2539
Let l = 17 - -54. Let w = 132 - l. List the prime factors of (w + 5)/(-2 + (-22)/(-8)).
2, 11
Suppose -5*f + 1568 = -3*a + 6*a, 3*f - 4*a = 935. Suppose 3*r = -2*k - f, 3*k - 5*r + 0*r = -460. Let g = -55 - k. What are the prime factors of g?
2, 5
Let c = 38725 + -8920. What are the prime factors of c?
3, 5, 1987
Let c(h) = h**3 + 6*h**2 - 4*h + 11. Let m(x) = 7*x**2 + 66 - 77 + 8*x - 8*x**2. Let i be m(5). List the prime factors of c(i).
5, 31
Suppose -39950 = -o + 4*f, 0 = o + f - 2*f - 39929. What are the prime factors of o?
2, 19961
Let a(z) be the first derivative of 3*z**2/2 + 43*z - 46. What are the prime factors of a(8)?
67
Let o(h) be the second derivative of 13*h**3/3 - 45*h**2/2 + 60*h. What are the prime factors of o(12)?
3, 89
Suppose 5*g - 844 = 3*g. Suppose -14*p + 9*p - 5*o + 2030 = 0, p - g = -5*o. List the prime factors of p.
2, 3, 67
Suppose 0 = p - 3*b - 3489, 6*p - 10445 = 3*p - 2*b. What are the prime factors of p?
3, 43
Suppose 5*j - 69304 = 2*p + 7892, 5*j - 77210 = -5*p. What are the prime factors of j?
2, 5, 193
Let k(g) = -2*g**3 + 29*g**2 + 77*g - 209. What are the prime factors of k(-21)?
5, 5897
Let q(i) = -7*i**2 + i + 4. Let h be q(-3). List the prime factors of (-88)/12*(h/4 + -1).
11
What are the prime factors of (164490/(-25))/(27/30)*6/(-4)?
2, 5483
Suppose 20*u + 240 = 35*u. Suppose u*n - 27*n = -4499. List the prime factors of n.
409
Suppose 199452 + 85340 = 4*j + 4*t, -4*t = 4. List the prime factors of j.
3, 293
Let t = 1457 - 756. Suppose -t - 1513 = -18*g. List the prime factors of g.
3, 41
Suppose -4*l + a + 48650 = -54076, 3*l + a - 77048 = 0. What are the prime factors of l?
2, 12841
What are the prime factors of 1868/10*(-5)/((-1)/2*2)?
2, 467
Let d = -60 - -57. Let a(o) = 8*o**2 + 3*o + 3. Let i(x) = 24*x**2 + 9*x + 9. Let r(t) = -17*a(t) + 6*i(t). List the prime factors of r(d).
2, 3, 11
Suppose -2*m = -4*c - 6508, 2*c - 5 = -3*c. List the prime factors of m.
2, 11, 37
Let t(m) = -m**2 - 9*m - 3. Let c be t(-6). Let o(g) = 3 + 10 - c + 26 + 2*g. List the prime factors of o(-8).
2
Suppose 3*k - 27875 - 7942 = 450. What are the prime factors of k?
7, 11, 157
Let d(r) = 7*r - 4*r**2 + 66 - 15*r - 4*r + 5*r**2. List the prime factors of d(18).
2, 3, 29
Let t be 6/8 - 2*25/(-8). Let a be ((-80)/(-28))/(23/t + -3). Suppose -a*j = -297 - 13. List the prime factors of j.
31
Let z = 235 + -227. What are the prime factors of ((-14)/z)/(1/(-188))?
7, 47
Suppose 27 = -6*u + 9. Let a = 2 + u. List the prime factors of ((-615)/15)/(-1 - (1 + a)).
41
Let t(o) = 27*o + 32. Let v be t(25). What are the prime factors of ((-18)/(-63))/(1/v)?
2, 101
Let l(x) = 95*x - 19. Let f(n) = -97*n + 18. Let h(u) = 5*f(u) + 6*l(u). List the prime factors of h(3).
3, 7, 11
Let g = -2466 + 11786. What are the prime factors of g?
2, 5, 233
Suppose -340 = 2*j - 0*j. Let t(w) = w**2 + 93*w - 1538. Let v be t(14). What are the prime factors of (j/(-8))/((-10)/v)?
5, 17
Let o = 4124 - -1107. What are the prime factors of o?
5231
Let i = -8295 - -15373. List the prime factors of i.
2, 3539
Let n(q) = -q**2 - 9*q - 22. Let m be n(-10). Let i = 14 + m. List the prime factors of 2/(-6) - 1680/i.
3, 31
Let k(s) be the second derivative of 2*s**5/5 - s**3/3 - s. Let m be k(1). List the prime factors of (-113)/((15/(-5))/m).
2, 113
Suppose 345 = w - 2*x, 5*x + 216 + 474 = 2*w. List the prime factors of (-6)/(-24)*(w + 3).
3, 29
Let k(t) = 210*t**2 - 209*t + 2750. List the prime factors of k(14).
2, 47, 109
Let o(n) = 3*n - 22. Let c be 2/10 - 88/(-10). Let w be o(c). Suppose -77 - 43 = -w*l. List the prime factors of l.
2, 3
What are the prime factors of (-2)/4*0 + 0 - (-38771 - -131)?
2, 3, 5, 7, 23
Suppose -26664 - 55752 = -48*q. List the prime factors of q.
17, 101
Let z be ((-185)/15 + 3)/((-6)/117). Let j = z - 164. What are the prime factors of j?
2, 3
List the prime factors of ((-66)/(-15))/((-1 - -4) + 77390/(-25800)).
2, 3, 11, 43
Let h = -1 + 152. Let n be -190*(-2)/10*1*8. Suppose x - b - h = 0, 5*b + n + 304 = 4*x. List the prime factors of x.
3, 7
Suppose -4*u + 175639 = 5*r, 0 = -r - 12*u + 13*u + 35135. What are the prime factors of r?
19, 43
Let o = 74002 + -40123. List the prime factors of o.
3, 23, 491
Suppose 11*h - 17008 = 8*h + 2*p, 5*h - 28351 = -p. List the prime factors of h.
2, 3, 5, 7
Suppose 1298099 = -25*s + 126*s - 1325477. List the prime factors of s.
2, 17, 191
List the prime factors of (-6)/15 - (-156)/390 - (-73264)/2.
2, 19, 241
Suppose -12*j = 24*j - 83088. What are the prime factors of j?
2, 577
Let r(l) = -3*l**2 + 20*l + 26. Let z be r(7). Suppose -a + 960 = z*x - 15*x, 1200 = 5*x + a. What are the prime factors of x?
2, 3, 5
Let a = -18 - -21. Suppose 0 = -5*k + 10 + 5, a*k = 2*b - 521. List the prime factors of b.
5, 53
Let x(s) be the third derivative of -s**6/72 - 27*s**5/40 + 4*s**4/3 + 39*s**2. Let h(k) be the second derivative of x(k). List the prime factors of h(-20).
7, 17
Let w = 119803 + -77356. List the prime factors of w.
3, 14149
Suppose 813*j = 824*j - 1628. Let g = j + 33. List the prime factors of g.
181
Suppose 3*s + 4*v - 9 = 0, -5*s - v - 6 = -7*s. Suppose -r - 1722 = -s*r. List the prime factors of r.
3, 7, 41
Let b be 3 + (42/9)/(9/(-81)). What are the prime factors of ((-637)/b)/(2/66)?
7, 11
Suppose 111 = -13*i 